{"id":136,"date":"2026-04-17T11:02:38","date_gmt":"2026-04-17T11:02:38","guid":{"rendered":"https:\/\/jmota1.ptis03.pt\/?page_id=136"},"modified":"2026-04-21T08:01:27","modified_gmt":"2026-04-21T08:01:27","slug":"1eletricas","status":"publish","type":"page","link":"https:\/\/jmota1.ptis03.pt\/?page_id=136","title":{"rendered":"El\u00e9tricas"},"content":{"rendered":"\n<p>Os comboios el\u00e9tricos foram um grande avan\u00e7o para as linhas ferrovi\u00e1rias de Portugal sendo bem menos poluidores e mais eficientes.<br>Funcionam ao receber energia el\u00e9trica dos cabos acima com ajuda dos pant\u00f3grafos  do comboio que \u00e9 convertida em potencia para os motores el\u00e9tricos <\/p>\n\n\n\n<p>Na categoria de comboios el\u00e9tricos existem dois tipos:<\/p>\n\n\n\n<ul class=\"wp-block-list\">\n<li>Tipo 1- <a href=\"https:\/\/jmota1.ptis03.pt\/?page_id=206\" data-type=\"page\" data-id=\"206\">Automotoras<\/a>: tem o motor el\u00e9trico separado pelas varias carruagens e nunca s\u00e3o desconetadas, usadas apenas para transporte de passageiros.<\/li>\n<\/ul>\n\n\n\n<ul class=\"wp-block-list\">\n<li>Tipo 2- <a href=\"https:\/\/jmota1.ptis03.pt\/?page_id=233\" data-type=\"page\" data-id=\"233\">Locomotivas<\/a>: tem todo o motor el\u00e9trico no mesmo compartimento e puxam carruagens\/vag\u00f5es sem qualquer tipo de potencia, usadas para transporte de mercadorias e passageiros.<\/li>\n<\/ul>\n","protected":false},"excerpt":{"rendered":"<p>Os comboios el\u00e9tricos foram um grande avan\u00e7o para as linhas ferrovi\u00e1rias de Portugal sendo bem menos poluidores e mais eficientes.Funcionam ao receber energia el\u00e9trica dos cabos acima com ajuda dos pant\u00f3grafos do comboio que \u00e9 convertida em potencia para os motores el\u00e9tricos Na categoria de comboios el\u00e9tricos existem dois tipos:<\/p>\n","protected":false},"author":1,"featured_media":0,"parent":0,"menu_order":0,"comment_status":"closed","ping_status":"closed","template":"","meta":{"saved_in_kubio":true,"footnotes":""},"class_list":["post-136","page","type-page","status-publish","hentry"],"kubio_ai_page_context":{"short_desc":"","purpose":"general"},"_links":{"self":[{"href":"https:\/\/jmota1.ptis03.pt\/index.php?rest_route=\/wp\/v2\/pages\/136","targetHints":{"allow":["GET"]}}],"collection":[{"href":"https:\/\/jmota1.ptis03.pt\/index.php?rest_route=\/wp\/v2\/pages"}],"about":[{"href":"https:\/\/jmota1.ptis03.pt\/index.php?rest_route=\/wp\/v2\/types\/page"}],"author":[{"embeddable":true,"href":"https:\/\/jmota1.ptis03.pt\/index.php?rest_route=\/wp\/v2\/users\/1"}],"replies":[{"embeddable":true,"href":"https:\/\/jmota1.ptis03.pt\/index.php?rest_route=%2Fwp%2Fv2%2Fcomments&post=136"}],"version-history":[{"count":12,"href":"https:\/\/jmota1.ptis03.pt\/index.php?rest_route=\/wp\/v2\/pages\/136\/revisions"}],"predecessor-version":[{"id":368,"href":"https:\/\/jmota1.ptis03.pt\/index.php?rest_route=\/wp\/v2\/pages\/136\/revisions\/368"}],"wp:attachment":[{"href":"https:\/\/jmota1.ptis03.pt\/index.php?rest_route=%2Fwp%2Fv2%2Fmedia&parent=136"}],"curies":[{"name":"wp","href":"https:\/\/api.w.org\/{rel}","templated":true}]}}