{"id":111,"date":"2026-04-17T10:51:23","date_gmt":"2026-04-17T10:51:23","guid":{"rendered":"https:\/\/jmota1.ptis03.pt\/?page_id=111"},"modified":"2026-04-21T08:02:46","modified_gmt":"2026-04-21T08:02:46","slug":"diesel","status":"publish","type":"page","link":"https:\/\/jmota1.ptis03.pt\/?page_id=111","title":{"rendered":"Diesel"},"content":{"rendered":"\n<p>Os comboios a diesel foram crucias para o transporte e locomo\u00e7\u00e3o de muitas pessoas e materiais importantes, foram um grande marco para o crescimento da CP como linha ferrovi\u00e1ria.<br>T\u00eam um grande motor que gera energia para as rodas usando abastecimento a Diesel<\/p>\n\n\n\n<p>Na categoria de comboios a diesel existem dois tipos:<\/p>\n\n\n\n<ul class=\"wp-block-list\">\n<li>Tipo 1- <a href=\"https:\/\/jmota1.ptis03.pt\/?page_id=172\" data-type=\"page\" data-id=\"172\">Automotoras<\/a>: tem o motor separado pelas varias carruagens e nunca s\u00e3o desconetadas, usadas apenas para transporte de passageiros.<\/li>\n<\/ul>\n\n\n\n<ul class=\"wp-block-list\">\n<li>Tipo 2- <a href=\"https:\/\/jmota1.ptis03.pt\/?page_id=168\" data-type=\"page\" data-id=\"168\">Locomotivas<\/a>: tem um \u00fanico motor e puxam carruagens\/vag\u00f5es sem qualquer tipo de potencia, usadas para transporte de mercadorias e passageiros.<\/li>\n<\/ul>\n\n\n\n<p><\/p>\n\n\n\n<p><\/p>\n\n\n\n<p><\/p>\n\n\n\n<p><\/p>\n","protected":false},"excerpt":{"rendered":"<p>Os comboios a diesel foram crucias para o transporte e locomo\u00e7\u00e3o de muitas pessoas e materiais importantes, foram um grande marco para o crescimento da CP como linha ferrovi\u00e1ria.T\u00eam um grande motor que gera energia para as rodas usando abastecimento a Diesel Na categoria de comboios a diesel existem dois tipos:<\/p>\n","protected":false},"author":1,"featured_media":0,"parent":0,"menu_order":0,"comment_status":"closed","ping_status":"closed","template":"","meta":{"saved_in_kubio":true,"footnotes":""},"class_list":["post-111","page","type-page","status-publish","hentry"],"kubio_ai_page_context":{"short_desc":"","purpose":"general"},"_links":{"self":[{"href":"https:\/\/jmota1.ptis03.pt\/index.php?rest_route=\/wp\/v2\/pages\/111","targetHints":{"allow":["GET"]}}],"collection":[{"href":"https:\/\/jmota1.ptis03.pt\/index.php?rest_route=\/wp\/v2\/pages"}],"about":[{"href":"https:\/\/jmota1.ptis03.pt\/index.php?rest_route=\/wp\/v2\/types\/page"}],"author":[{"embeddable":true,"href":"https:\/\/jmota1.ptis03.pt\/index.php?rest_route=\/wp\/v2\/users\/1"}],"replies":[{"embeddable":true,"href":"https:\/\/jmota1.ptis03.pt\/index.php?rest_route=%2Fwp%2Fv2%2Fcomments&post=111"}],"version-history":[{"count":11,"href":"https:\/\/jmota1.ptis03.pt\/index.php?rest_route=\/wp\/v2\/pages\/111\/revisions"}],"predecessor-version":[{"id":370,"href":"https:\/\/jmota1.ptis03.pt\/index.php?rest_route=\/wp\/v2\/pages\/111\/revisions\/370"}],"wp:attachment":[{"href":"https:\/\/jmota1.ptis03.pt\/index.php?rest_route=%2Fwp%2Fv2%2Fmedia&parent=111"}],"curies":[{"name":"wp","href":"https:\/\/api.w.org\/{rel}","templated":true}]}}